 is the highest common divisor of 82845 and 9105?
15
Calculate the highest common factor of 121752 and 178356.
1068
Calculate the highest common divisor of 39725 and 89646613.
1589
Calculate the highest common divisor of 2068220 and 14784.
308
Calculate the highest common divisor of 1048 and 4553953.
131
What is the greatest common divisor of 1540 and 39087895?
385
What is the greatest common divisor of 1008 and 242578?
14
What is the highest common factor of 342 and 42740025?
57
Calculate the greatest common divisor of 31 and 144904633.
31
What is the highest common factor of 2960 and 168695?
5
What is the highest common factor of 5592188 and 224?
28
What is the highest common factor of 56444 and 557951?
103
What is the greatest common divisor of 239112 and 847224?
2952
What is the greatest common divisor of 187 and 1723613?
17
Calculate the greatest common divisor of 24816 and 771122.
22
What is the greatest common divisor of 22968 and 129096?
792
Calculate the greatest common divisor of 291 and 241506332.
97
Calculate the greatest common factor of 22366 and 1412662.
106
Calculate the greatest common divisor of 478308 and 1596.
12
What is the highest common factor of 10649754 and 306?
18
Calculate the greatest common divisor of 76 and 2277654716.
76
What is the highest common divisor of 149349880 and 14760?
1640
What is the greatest common factor of 15857620 and 324?
4
Calculate the greatest common divisor of 3789 and 78023088.
3789
What is the greatest common factor of 133440 and 85720?
40
What is the greatest common factor of 255 and 4891648425?
255
What is the greatest common factor of 365431 and 220176?
1529
Calculate the greatest common divisor of 78272885 and 142.
71
Calculate the highest common divisor of 337813 and 7.
7
What is the greatest common factor of 24500 and 2320885?
245
Calculate the highest common divisor of 9 and 64868301.
9
Calculate the greatest common factor of 66208198 and 1862.
266
Calculate the greatest common factor of 200440367 and 19.
19
Calculate the greatest common factor of 9170079 and 191921.
4681
What is the greatest common divisor of 18623350 and 200?
50
Calculate the greatest common factor of 804788 and 688.
172
Calculate the highest common factor of 771704 and 3002.
38
Calculate the highest common divisor of 3460 and 8371470.
1730
Calculate the highest common divisor of 209 and 2970327.
19
Calculate the highest common factor of 15764175 and 360.
45
Calculate the highest common divisor of 47267871 and 102.
51
What is the highest common divisor of 416370689 and 20923?
2989
What is the highest common divisor of 60960 and 500?
20
Calculate the greatest common factor of 95656 and 154257257.
11957
What is the highest common factor of 444197353 and 731?
43
What is the greatest common factor of 134 and 104957041?
67
What is the highest common factor of 13566 and 1556420397?
6783
What is the greatest common factor of 319340 and 497875?
35
What is the highest common factor of 4 and 28135853?
1
What is the highest common factor of 1662 and 24354117?
831
Calculate the greatest common factor of 66506247 and 501.
501
What is the highest common divisor of 90948 and 84?
12
What is the highest common factor of 5945 and 17767227?
1189
Calculate the greatest common divisor of 1092 and 29090334.
546
Calculate the greatest common divisor of 8379 and 17100.
171
What is the greatest common factor of 6548600 and 600?
200
What is the highest common divisor of 809776 and 53922?
946
Calculate the greatest common factor of 1441673197 and 62.
31
What is the greatest common divisor of 34 and 3466946?
34
Calculate the highest common factor of 52541353 and 52239.
1583
What is the highest common factor of 15717 and 474552?
507
Calculate the greatest common divisor of 940 and 5688740.
20
What is the highest common divisor of 6024 and 78188508?
3012
Calculate the greatest common factor of 2498 and 38303083.
1249
Calculate the highest common divisor of 134350 and 6002758.
5374
Calculate the highest common divisor of 52 and 79693.
1
What is the highest common divisor of 321314 and 1964228?
826
What is the highest common factor of 121 and 756712?
11
What is the highest common factor of 5436 and 17240727?
453
What is the highest common factor of 155743 and 1218?
7
Calculate the highest common divisor of 11677150 and 2350.
2350
What is the greatest common factor of 64634 and 187?
17
What is the highest common factor of 220 and 4778660?
20
What is the highest common factor of 2709578 and 852362?
1138
Calculate the highest common divisor of 29 and 51376777.
29
What is the highest common divisor of 171 and 877287?
57
Calculate the greatest common factor of 570 and 6496530.
30
Calculate the highest common divisor of 8355 and 367338715.
2785
What is the highest common factor of 1968 and 1715124?
12
What is the greatest common divisor of 9565780 and 7525?
1505
What is the greatest common divisor of 2262 and 33196706?
58
Calculate the highest common divisor of 209 and 858992717.
209
Calculate the greatest common factor of 2813314 and 41216.
322
Calculate the highest common divisor of 139905040 and 64.
16
Calculate the greatest common factor of 7588 and 80586457.
1897
What is the highest common divisor of 115478 and 355366?
638
Calculate the greatest common factor of 5494097 and 409.
409
What is the highest common factor of 441 and 13480173?
63
Calculate the greatest common divisor of 3417 and 19947273.
51
Calculate the greatest common divisor of 2881260 and 19260.
180
Calculate the highest common factor of 179948 and 4.
4
What is the highest common divisor of 885136 and 3038?
98
What is the greatest common divisor of 7390 and 12995315?
3695
What is the highest common factor of 9348 and 920163?
123
Calculate the greatest common divisor of 42693269 and 1063.
1063
Calculate the greatest common divisor of 1849356 and 6492.
12
Calculate the highest common factor of 38220 and 1055.
5
Calculate the greatest common divisor of 33965505 and 21.
21
Calculate the highest common factor of 12500 and 9770000.
2500
Calculate the highest common factor of 10591275 and 375.
75
Calculate the highest common divisor of 865849 and 1832.
229
Calculate the greatest common factor of 745 and 3576745.
745
Calculate the greatest common factor of 254577524 and 644.
92
What is the greatest common factor of 15637896 and 12384?
3096
What is the highest common factor of 114057 and 8207145?
4959
Calculate the greatest common factor of 56252 and 292740.
1148
Calculate the highest common factor of 50290 and 1394210.
1070
Calculate the highest common factor of 62 and 261903314.
62
What is the highest common factor of 464065764 and 5283?
1761
Calculate the highest common divisor of 869 and 161081.
79
Calculate the highest common factor of 65505 and 139755.
165
Calculate the greatest common factor of 249809 and 6731.
127
What is the highest common factor of 112221460 and 60?
20
What is the greatest common divisor of 5176704 and 23426?
442
What is the highest common factor of 1532 and 52396?
4
Calculate the greatest common factor of 185 and 310356.
37
Calculate the highest common factor of 17770 and 234951386.
3554
Calculate the highest common factor of 62458 and 11522.
2
Calculate the highest common divisor of 252005 and 715.
65
What is the highest common divisor of 162837 and 293928?
111
Calculate the greatest common divisor of 220 and 55947188.
44
Calculate the highest common divisor of 377 and 158054.
13
What is the greatest common divisor of 12863 and 11856?
19
Calculate the highest common factor of 116 and 188712019.
29
What is the greatest common divisor of 22446314 and 32450?
1298
Calculate the highest common divisor of 266 and 6018326.
38
Calculate the highest common divisor of 9868340 and 22420.
1180
What is the highest common divisor of 8676941 and 5642?
91
What is the highest common factor of 323030 and 350?
10
What is the highest common divisor of 5225880 and 1760?
440
Calculate the greatest common factor of 4334040 and 4410.
90
What is the highest common factor of 40 and 17633580?
20
What is the greatest common factor of 90812 and 964100?
1244
What is the highest common factor of 1205216 and 48?
16
What is the highest common factor of 267776 and 15872?
512
What is the grea